- 67. Let y = l + w. What is the units digit of y?
7
Suppose -2*c = -4*c + 2. Let g be 0/2 - 1*-2. What is the units digit of c/((-3)/(-3))*g?
2
Suppose 22 = -c + 5*d + 4, c = -4*d + 18. Suppose -2*u + 28 = 3*u - c*b, -5*u + b + 29 = 0. What is the units digit of u?
6
Let o = -4 + -2. What is the units digit of ((-50)/(-15))/((-4)/o)?
5
Suppose -5*v + 39 = h, -v + 78 = 3*h + v. What is the units digit of h?
4
Suppose 11*y - 13*y = -86. What is the tens digit of y?
4
Suppose -3*j - 65 = -290. What is the units digit of j?
5
Let b(p) = -2 + 9*p - 5 - p**2 + 1. Let i be b(6). Suppose v - 2*v + 10 = 4*g, 0 = -2*g - 4*v + i. What is the units digit of g?
2
Let k be 13*-3*(-2)/3. Let a = -10 + k. What is the units digit of a?
6
Suppose -5*k - 2*v = -25, -2*k - k = 2*v - 19. What is the units digit of -2*30/(-9)*k?
0
Let s(z) = z**2 - z + 9. Let c be s(0). Let m(t) = -4*t**2 + c*t**2 + 4*t + 3*t - t**3 - 2. What is the units digit of m(6)?
4
Suppose -4*c - 21 = -5*m - 1, 0 = -2*m - c + 8. Suppose 4*b = d + 2*b - 26, m*b = 5*d - 142. What is the units digit of d?
0
Suppose -i + 8 = -3*i. What is the units digit of (-1)/i - 71/(-4)?
8
Let x = 34 - -18. What is the units digit of x?
2
Let r = -3 + 5. What is the units digit of r?
2
Suppose 4*c = 5*d + 55, 0*d = -d + 5. What is the tens digit of c?
2
Let k(v) = v + 1. Let g(o) = -8*o - 8. Let b(i) = -2*g(i) - 18*k(i). Let d be b(-3). Suppose 4*c - 42 = -c + 3*w, -d = w. What is the units digit of c?
6
Let o = 1 + 2. What is the units digit of (0 + -1)*o + 8?
5
Let u(z) = z**2 - z - 18. What is the units digit of u(-8)?
4
Let f = 78 - 55. Let r = f - 12. What is the units digit of r?
1
Let u(b) = -27*b**3 + 2*b**2 + b. What is the units digit of u(-1)?
8
Let s(o) = 2*o + 10. Let g be s(7). Suppose -4*u + 100 + g = 0. Suppose 2*l + 5*c - u = -0*l, 3*c = -3*l + 33. What is the units digit of l?
8
Let o = -6 - -9. Suppose 0 = o*z + 1 - 43. What is the tens digit of z?
1
Suppose 0*l + l = 2*m - 94, -m + 40 = -4*l. What is the units digit of m?
8
Let n = -28 - -49. Suppose 5*g = -4*k + n, -k = -5*g - 6*k + 20. Suppose 0 = g*u - 40. What is the units digit of u?
8
Let h = 13 - 21. Let x = h + 9. What is the units digit of x?
1
Let i = 9 - -1. Let z = -1 + 1. Suppose 5*o - i = -z. What is the units digit of o?
2
Let t = -12 - 0. Let g = t + 6. What is the units digit of (g/4)/((-1)/6)?
9
Let i(y) = -9*y - 3. Let t be i(-5). Suppose -z - 6 = -4*q + 1, -5*q = 3*z - 30. Suppose 0*w = q*w - t. What is the tens digit of w?
1
Let n = 74 + -39. What is the tens digit of (n + 4)*2/6?
1
Let s(q) = -q**3 + 29*q**2 + 37*q - 30. What is the units digit of s(30)?
0
Suppose -2*u - w = -2*w - 34, 0 = -2*u + 2*w + 34. What is the tens digit of u?
1
Let q be (-6)/(-15) - 6/15. Suppose 12 + q = 3*z. Suppose 2*f = z*f - 8. What is the units digit of f?
4
Let d(x) be the second derivative of 5/12*x**4 + 0 + 2*x + 1/3*x**3 - 1/20*x**5 - 3*x**2. What is the units digit of d(5)?
4
Let j = 58 + -17. Let s be (4/(-5))/((-1)/5). Suppose s*p = j - 1. What is the units digit of p?
0
Let z be 3 - ((-2)/6)/(2/(-18)). Let p(a) = -3*a + 29. Let x(b) = -b + 14. Let u(q) = -2*p(q) + 5*x(q). What is the units digit of u(z)?
2
Let b = 15 - 9. Suppose b*m = 3*m + 27. What is the units digit of m?
9
Suppose 3*s - 155 = 136. What is the tens digit of s?
9
Suppose 4*w = -3 - 13, 3*l - 5*w - 50 = 0. What is the units digit of l?
0
Let c(u) = -u**2 + 20*u - 13. What is the units digit of c(19)?
6
Let d(f) = 32*f + 21. What is the units digit of d(2)?
5
Suppose 5*d - 6*p + 9*p - 111 = 0, -3*d = 4*p - 71. What is the units digit of d?
1
Suppose -4*f + 2*y + 172 = 0, 4*f - 3*y = 6*f - 70. Let t = f + 1. Suppose t = 4*c + 2. What is the tens digit of c?
1
What is the units digit of (-184)/(-8) - (-1 - 1)?
5
Suppose 0 = 3*y - a - 4, 0*y - 3*a + 3 = -4*y. Let z(s) = s**2 - s + 4. What is the tens digit of z(y)?
1
Suppose 0 = -k - 2*x + 1, 0 = 3*k + 6*x - 2*x - 5. Suppose 3 + 8 = k*s + y, 4*s = -y + 13. What is the units digit of s?
2
Let z = 4 + -9. What is the units digit of 5/15 + z/(-3)?
2
Let z(g) = g**3 - 15*g**2 + 13*g + 14. Let f be z(14). Suppose f*d + 18 = 3*d. What is the units digit of d?
6
Let m(f) = -4*f**3 - f + 1. Let j be m(1). Let s be (-12)/j*(-19)/3. Let t = s - -27. What is the units digit of t?
8
Let s(m) = -m**3 - 4*m**2 + 3*m - 6. Let i be s(-5). Suppose -10 = -i*d + 10, -9 = -4*u - d. What is the units digit of u?
1
Suppose 2*g - 2*k + 6 = 0, -27 = -0*g + 2*g + 5*k. Let r(l) = l + 5. Let q be r(-4). Let i = q - g. What is the units digit of i?
7
Let o = -6 - -47. Suppose -w = -3 + 2, 2*y = -w + o. Suppose 2*n = -5*g + 29, -4*n + 2*n = -4*g - y. What is the tens digit of n?
1
Let d(p) = -p**2 + 11*p - 1. Let u be d(11). Let v = u - -3. What is the units digit of 15 + -1*4 + v?
3
Let q = -33 + 26. Let h(l) = -l**2 + 3*l + 7. Let d be h(6). Let m = q - d. What is the units digit of m?
4
Let d(x) = 2*x - 4. Let i be d(2). Suppose -3*h - h + 2*b + 106 = i, 5*b - 140 = -5*h. What is the tens digit of h?
2
Let c(r) be the third derivative of r**6/120 + r**5/10 + r**4/8 - r**3/3 + 2*r**2. What is the units digit of c(-4)?
8
Let q(k) = k**3 - k**2 + k - 5. What is the units digit of q(4)?
7
Let u(p) = -p**3 + 9*p**2 - 3*p + 6. Let h be u(9). Let q = h + 34. What is the tens digit of q?
1
Let u(c) = -11 + c**2 - 5*c + 0*c**2 + c + 2*c**2. Let v(k) = 2*k**2 - 2*k - 6. Let p(y) = -3*u(y) + 5*v(y). What is the units digit of p(-3)?
6
Let a(v) = -v + 6 - 4 + 9. Let y be a(8). Suppose -8 = l + 5*q, 3*q + y + 6 = 0. What is the units digit of l?
7
Suppose -4*g = -g. Suppose l - 2*l + 3*v - 4 = g, v = -5*l + 44. What is the units digit of l?
8
Let h(i) = i**3 + 16*i**2 - 18*i - 15. Let u be h(-17). What is the units digit of 34 + 0 + u + -1?
5
Let w be (-114)/(-15) + (-4)/(-10). Let v = 0 + w. What is the units digit of v?
8
Let c = -89 + 218. What is the units digit of c?
9
Let d(k) = -k**2 - k + 3. Let x be d(-3). Let b = -2 - x. What is the units digit of (-9)/(b - (-10)/(-4))?
6
Let q = 83 + -20. What is the units digit of q?
3
Let y(m) = 3*m**3 - 2*m**2 - m - 1. Let z = -8 - -10. What is the tens digit of y(z)?
1
What is the units digit of -1 + 22/26 - (-1422)/117?
2
Let f be 9/2 - (-2)/(-4). Suppose -k = -p - f, 0*k - 5*p = -2*k + 14. What is the units digit of k?
2
Let d be (0 - -1)/((-1)/5). Let n be d/(15/6) + 20. Suppose n = -x - 5*f + 3, -5*x + 2*f + 60 = 0. What is the units digit of x?
0
Suppose -2*d - 238 = -4*c, 8*c = 6*c + 4*d + 128. Suppose 0 = 4*l - 2*l - c. What is the units digit of l?
9
What is the units digit of (3/2)/(84/5264)?
4
Let g(d) = -d**2 - 6*d + 2. What is the units digit of g(-3)?
1
What is the units digit of (2 + (9 - -1))*95/20?
7
Let w(y) = y**3 - 8*y**2 - 9*y + 5. Let a be w(9). Let f be 6/(-9) - (-2)/3. Suppose 50 = 5*q + a*k, -3*k + 37 = 4*q - f. What is the units digit of q?
7
Suppose 3*x + 3*h = 549, 4*h - 5*h = 4*x - 723. What is the tens digit of x?
8
Let r = -85 - -125. What is the tens digit of r?
4
Let d = 253 - 150. What is the hundreds digit of d?
1
Suppose 5*p = -o - 2*o + 222, 12 = 3*o. What is the units digit of p?
2
Let n(z) = z**2 - 13*z + 15. Suppose -4*a - 4 = 0, 3*y + 5*a = y + 19. Let u be n(y). Suppose 0 = -o - u*o + 24. What is the units digit of o?
6
Let t be 3/6*0 - -3. Suppose 2*b - 15 - 33 = 0. Suppose b = t*w - 0. What is the units digit of w?
8
What is the tens digit of (-273 + -1)/(-7 - -3 - -3)?
7
Let x = -11 - -20. Let u = 8 - x. What is the units digit of (u + 2)/(-2)*-36?
8
Let m = 4 + 2. Let g be m*(14/6 - 1). Suppose -g = -l - 2. What is the units digit of l?
6
Suppose 11*p - 18*p = -644. What is the units digit of p?
2
Let w(r) = 23*r - 4. Let o = 9 + -7. What is the units digit of w(o)?
2
Let j(p) = 9*p + 92. What is the tens digit of j(22)?
9
Let i(n) = 4*n**2 - 2 + 5*n**2 + 1 - 4*n**2. Let m be i(-1). Suppose -m*o - 60 = -4*u, 0*u + o = -u + 5. What is the units digit of u?
0
Suppose -5*u - 11 = 2*h, 3*h + 3 = -4*u + u. Suppose -x + 5*s = -66, 138 = -h*x + 5*x - 3*s. What is the units digit of x?
1
Let v(k) = 2*k**2 - 7 - k**2 + 6*k - 2*k. Let x be v(-6). Let m = x - -9. What is the tens digit of m?
1
What is the units digit of ((-120)/35)/((-8)/700)?
0
What is the units d